ist the prime factors of p.
3, 31
Suppose 4*a + a = 4*n + 627, 0 = -3*n - 4*a - 478. Let f = 1407 + n. What are the prime factors of f?
1249
Suppose -2*r = -2*j - 35270, 30*r - 2*j + 141120 = 38*r. What are the prime factors of r?
31, 569
Let j = 6503 + 5163. List the prime factors of j.
2, 19, 307
Let k be (-57)/76 + 99/4. Suppose 5*a - 106 = k. Suppose a + 126 = 2*x. What are the prime factors of x?
2, 19
Suppose 3*w - 4*x + 545 = -0*w, -2*x = 8. Let n = w + 449. What are the prime factors of n?
2, 131
Suppose -q + 4*g = -9759 + 1884, 0 = -3*q + 5*g + 23576. List the prime factors of q.
7, 19, 59
Let c(m) = 15*m + 5*m**2 - 11 + 13 - 4*m + 3*m**2 - 3*m**3. What are the prime factors of c(-4)?
2, 139
Suppose 4*j + 42257 = -3*t + 108004, j = -5*t + 16458. List the prime factors of j.
16433
Suppose -4*u + 4*c + 5535 = -9205, -5*u = -c - 18405. List the prime factors of u.
2, 5, 23
Suppose u + k = 6*k + 18, -4*u + 3*k = -21. Suppose u*a - 2*a - 2*d - 203 = 0, 0 = 5*a + 5*d - 1000. What are the prime factors of a?
3, 67
Suppose 0 = 57*y - 89*y + 89952. List the prime factors of y.
3, 937
Let w(o) = 2*o**3 + 14*o**2 - 35*o - 19. List the prime factors of w(16).
11197
Suppose -3*d + 0*d - 9 = 0. Let l(j) = -309*j - 4 + 306*j + 10*j**2 - 4 + 4. What are the prime factors of l(d)?
5, 19
Let l(q) = -q**3 - q**2 + q + 1. Let n(w) = w**3 + 16*w**2 - 23*w - 8. Let g(a) = -2*l(a) - n(a). List the prime factors of g(16).
2, 7, 61
Suppose 3*s - 2*k + 17425 = 5213, 0 = -4*s - 4*k - 16276. Let q = -2376 - s. What are the prime factors of q?
2, 7, 11
List the prime factors of (3/(-24) - 4926/(-48))*64 + 0.
2, 5, 41
Let t(s) = -38 + 14*s - s**2 + 5 + 4. Let x be t(11). Suppose 0 = -4*d - x*z + 812, 5*d + 129 = 5*z + 1094. List the prime factors of d.
2, 3, 11
Let s = 49 - 48. List the prime factors of (648/63)/(s/63).
2, 3
Suppose 3*g + 2*x + 4497 = 11741, 3*g + 5*x = 7247. What are the prime factors of 54/(-324) + g/12?
3, 67
Suppose q + 169 = 233. Suppose 2*v - 40 - q = 0. List the prime factors of v.
2, 13
Let w(z) = 12*z**2 + 2*z. Let x(q) = -2*q**2 + 3*q + 125. Let a be x(9). What are the prime factors of w(a)?
2, 5, 59
Let s(m) = 3*m**2 + 16*m + 8. Let c be s(-6). Suppose -15*n + c*n = 1995. What are the prime factors of n?
3, 7, 19
Suppose 2*z - 3*l = -2*z + 117, 3*l = 15. Suppose -z*w + 28*w = 0. Suppose 11*a + 306 - 2253 = w. What are the prime factors of a?
3, 59
Suppose -5*x + 2139 = -1281. Suppose 0 = -2*t - b + 809, 4*t - 2*b - x = 954. List the prime factors of t.
11, 37
Let l = -14105 - -31154. What are the prime factors of l?
3, 5683
Suppose -269*s = 301*s - 547*s + 1196. Suppose 2*r = -5*g - 113 - 4, 215 = -5*r + 3*g. Let f = r - s. List the prime factors of f.
2, 3
Let o = -4985 + 66548. What are the prime factors of o?
3, 20521
List the prime factors of 5606*2 - (-322 - -326).
2, 3, 467
Let v be 1/(-3) + -1 + (-104)/(-6). Let t be (-1 - (-340)/(-16))/((-4)/v). Suppose -q + t = -44. List the prime factors of q.
7, 19
Let l be 2*4838/4 - 5. Let s be l/(-8) - ((-5)/(-4))/5. Let t = s - -466. List the prime factors of t.
2, 41
List the prime factors of ((-9669)/9)/(19/(-228)).
2, 11, 293
Suppose -19*y = -79*y + 300. Let w(n) be the second derivative of -n**4/12 + 2*n**3 - 5*n**2 - n. List the prime factors of w(y).
5
Let m be (2 - (-8)/(-2))/((-2)/4). Suppose m*y + 278 = s - 33, -s + 311 = 2*y. List the prime factors of s.
311
Let w(h) = -21*h - 71. Let a be 88/308 + (-172)/14. What are the prime factors of w(a)?
181
Let y = -762 + 135. Let p = -520 - y. What are the prime factors of p?
107
Let i = 20 - 16. Suppose -a - 957 = -i*a. Let h = -215 + a. What are the prime factors of h?
2, 13
Let p(h) = -21 - 3*h**2 + 2*h**2 + 12*h + 0*h**2. Let g(i) = -i**2 + 23*i - 42. Let k(c) = 4*g(c) - 7*p(c). What are the prime factors of k(5)?
2, 47
Let h(j) = -2*j**2 + 182*j + 381. List the prime factors of h(82).
3, 619
Suppose -8*j + 17*j = -90. Let h = j - -9. What are the prime factors of (-12)/30*h + 1246/10?
5
Let p be (-255585)/(-405) - 2/27. Let g = 129 + p. What are the prime factors of g?
2, 5, 19
Suppose -106*b + 36667 + 56539 + 52438 = 0. What are the prime factors of b?
2, 3, 229
Suppose 5388 + 2024 = 2*t. List the prime factors of t.
2, 17, 109
Suppose -5*l + 28 = 2*l. Suppose 1 = 2*m + 3*v, -l*v - v = 3*m - 1. Suppose -19 = -r - 2*y, m*r - 7*r = 5*y - 120. What are the prime factors of r?
29
Let n = 1721 - 701. Let h = -1 + n. What are the prime factors of h?
1019
Suppose -2*x + 6285 = 489. Suppose 9*d - 3*d - x = 0. List the prime factors of d.
3, 7, 23
Suppose 0 = -4*v - 5*v + 5760. Let f be (6/4)/(7 + (-4468)/v). Let y = f + -28. List the prime factors of y.
2, 13
Let w(m) = 137*m**2 - 25*m - 5. List the prime factors of w(-8).
8963
Let m(n) be the first derivative of -n**5/20 - n**4/3 + n**2 - 43*n - 20. Let v(h) be the first derivative of m(h). List the prime factors of v(-6).
2, 37
Suppose -3*r + 93682 = -5*t, -4*r = 12*t - 10*t - 124918. List the prime factors of r.
11, 17, 167
Suppose 3 = -108*n + 109*n. What are the prime factors of (-352 + n)/(4 + -5)?
349
Let c(g) = -38*g - 43. Let y be c(9). Let s be (y/15)/((-1)/21). Let k = s + -314. What are the prime factors of k?
3, 5
Let f(l) = l**2 - 8*l + 3. Let v be f(8). Suppose 5*t = v*t + 160. Suppose -17*y + t = -15*y. What are the prime factors of y?
2, 5
Let g be (-2)/(-2)*-4 - -7. Suppose u - 3*t = 205, 14*t = -g*u + 9*t + 615. List the prime factors of u.
5, 41
Suppose 2*n = -w + 27971, -5*w + 4*n + 114145 = -25654. What are the prime factors of w?
3, 13, 239
Suppose 0 = 2*v - 0*v. Let f be (105 + v)/((-2 - 2)/(-4)). Suppose 551 = 4*n - f. What are the prime factors of n?
2, 41
List the prime factors of ((-200)/(-32) + -6)/((-6)/(-97512)).
17, 239
List the prime factors of (-24)/(-42) + 0 + (-1287120)/(-70).
2, 4597
Let f be (-25)/10*-2 - -1305. Suppose 0 = 18*n - 13*n - f. What are the prime factors of n?
2, 131
What are the prime factors of (-12)/28 - (1 + 73390/(-70))?
3, 349
Let u be ((-416)/(-20))/2 - (-9)/15. Suppose u*t + 612 = 14*t. What are the prime factors of t?
2, 3, 17
Let p(i) = -46*i**2 - 17*i - 31. Let c be p(-2). Let x = -148 - c. List the prime factors of x.
3, 11
Let s = -2125 + 3357. Let b = s - 769. List the prime factors of b.
463
Let q be (-7 + 9)*(-10)/(-4). Suppose -4*c - y + 18 = y, 3*c + 19 = q*y. Suppose -2*v = c*v + 4*d - 324, 3*v + 2*d - 240 = 0. What are the prime factors of v?
2, 3, 13
Suppose -425616 = -18*p + 7*p - 37*p. What are the prime factors of p?
8867
Suppose -2*y + 551 = -5*d, -34 = 3*d - 25. List the prime factors of y.
2, 67
Suppose -11 = 3*v - 26. Suppose 5 = -5*n - 20, -v*s = 2*n - 725. What are the prime factors of s?
3, 7
Let t = -122 + 331. What are the prime factors of (t + -8)/(14/4 - 2)?
2, 67
Let j be (-6 + (2 - -1))*(-4)/6. List the prime factors of (-4 + (-1446)/(-2))*(3 - j).
719
Let p(s) = -13*s - 27. Let h = -10 + 4. Let i be p(h). Let m = 49 + i. List the prime factors of m.
2, 5
Let l = -16615 - -43710. What are the prime factors of l?
5, 5419
Let q = 375 - 302. What are the prime factors of q?
73
Suppose 3*l = 5*a + 958, -3*a + 2*l - 174 = 401. Let c = a + 393. Suppose -4*g - g = 2*r - 470, -2*g + 2*r = -c. What are the prime factors of g?
2, 3
Let k = 2 - 3. Let j be (-3 + 10/(-5) - -62)*(-18)/54. Let f = k - j. List the prime factors of f.
2, 3
Let c(d) = 5*d**2 + 9*d + 4. Let z be c(-4). Suppose 2*q = 2*n + z, 3*q = -3*n + 2*n + 88. What are the prime factors of q?
2, 7
Let d be 6 - (6/(-9) + 112/24). Suppose d*b = 4*b - 2024. What are the prime factors of b?
2, 11, 23
What are the prime factors of (-90)/54*-23*39?
5, 13, 23
Let g = 10562 + -3810. List the prime factors of g.
2, 211
What are the prime factors of ((-258)/172)/(2 - (-76294)/(-38148))*-1?
3, 11, 17
Suppose 0 = a + 5*t + 5 + 10, 0 = 2*t + 2. List the prime factors of (-3717)/(-45) + (-4)/a.
83
Suppose -199 + 1172 = d. Let l = -242 + d. What are the prime factors of l?
17, 43
What are the prime factors of 97110/66 - 16/44?
1471
Suppose -67 = -7*o - 39. Suppose -1620 = -o*x + t - 451, 5*x - 1461 = t. What are the prime factors of x?
2, 73
Let l = -3002 + 9215. List the prime factors of l.
3, 19, 109
Let q be 8/2*11/22. Suppose 1020 = q*f - 148. List the pr